{"id":149,"date":"2021-02-09T12:44:29","date_gmt":"2021-02-09T11:44:29","guid":{"rendered":"http:\/\/webparisconsulting.com\/?page_id=149"},"modified":"2021-02-09T14:24:37","modified_gmt":"2021-02-09T13:24:37","slug":"mentions-legales","status":"publish","type":"page","link":"https:\/\/webparisconsulting.com\/index.php\/mentions-legales\/","title":{"rendered":"Mentions L\u00e9gales"},"content":{"rendered":"\n<p>Le site Webparisconsulting.com est \u00e9dit\u00e9 par la soci\u00e9t\u00e9 Web Paris Consulting, SARL au capital de 1.000 euros, immatricul\u00e9e au Registre du Commerce et des Soci\u00e9t\u00e9s de Paris sous le num\u00e9ro SIRET 87891602200014 ayant son si\u00e8ge social sis au 6 Rue du Chevalier St George, 75001 Paris.<\/p>\n\n\n\n<p>Le Directeur de publication est du Site est Charlene Charton.<\/p>\n\n\n\n<p>Le site est h\u00e9berg\u00e9 par OVH ayant son si\u00e8ge au 2 rue Kellermann, 59100 Roubaix. SIREN N\u00b0 424761419, num\u00e9ro de t\u00e9l\u00e9phone : 0972101007.<\/p>\n","protected":false},"excerpt":{"rendered":"<p>Le site Webparisconsulting.com est \u00e9dit\u00e9 par la soci\u00e9t\u00e9 Web Paris Consulting, SARL au capital de 1.000 euros, immatricul\u00e9e au Registre du Commerce et des Soci\u00e9t\u00e9s de Paris sous le num\u00e9ro SIRET 87891602200014 ayant son si\u00e8ge social sis au 6 Rue du Chevalier St George, 75001 Paris. Le Directeur de publication est du Site est Charlene [&hellip;]<\/p>\n","protected":false},"author":1,"featured_media":0,"parent":0,"menu_order":0,"comment_status":"closed","ping_status":"closed","template":"","meta":[],"_links":{"self":[{"href":"https:\/\/webparisconsulting.com\/index.php\/wp-json\/wp\/v2\/pages\/149"}],"collection":[{"href":"https:\/\/webparisconsulting.com\/index.php\/wp-json\/wp\/v2\/pages"}],"about":[{"href":"https:\/\/webparisconsulting.com\/index.php\/wp-json\/wp\/v2\/types\/page"}],"author":[{"embeddable":true,"href":"https:\/\/webparisconsulting.com\/index.php\/wp-json\/wp\/v2\/users\/1"}],"replies":[{"embeddable":true,"href":"https:\/\/webparisconsulting.com\/index.php\/wp-json\/wp\/v2\/comments?post=149"}],"version-history":[{"count":1,"href":"https:\/\/webparisconsulting.com\/index.php\/wp-json\/wp\/v2\/pages\/149\/revisions"}],"predecessor-version":[{"id":150,"href":"https:\/\/webparisconsulting.com\/index.php\/wp-json\/wp\/v2\/pages\/149\/revisions\/150"}],"wp:attachment":[{"href":"https:\/\/webparisconsulting.com\/index.php\/wp-json\/wp\/v2\/media?parent=149"}],"curies":[{"name":"wp","href":"https:\/\/api.w.org\/{rel}","templated":true}]}}