{"id":159,"date":"2021-02-09T20:08:37","date_gmt":"2021-02-09T19:08:37","guid":{"rendered":"http:\/\/webparisconsulting.com\/?post_type=product&#038;p=159"},"modified":"2021-02-09T20:42:05","modified_gmt":"2021-02-09T19:42:05","slug":"pack-reseaux-sociaux","status":"publish","type":"product","link":"https:\/\/webparisconsulting.com\/index.php\/produit\/pack-reseaux-sociaux\/","title":{"rendered":"Pack R\u00e9seaux Sociaux"},"content":{"rendered":"<p>Sur Instagram, Facebook, Pinterest et tout autre R\u00e9seau social : tout est question de posts dont les photos sont qualitatives, le texte percutant, les hashtags adapt\u00e9s et les stories doivent susciter l&rsquo;int\u00e9r\u00eat des followers et des prospects.<\/p>\n<p>Un feed homog\u00e8ne respectant une charte graphique est fondamental pour se d\u00e9marquer de vos concurrents et donner envie de vous \u00ab\u00a0follow\u00a0\u00bb.<\/p>\n<p>Une page entreprise ne s&rsquo;improvise pas, elle se doit d&rsquo;\u00eatre irr\u00e9prochable et homog\u00e8ne de posts en posts.<\/p>\n<p>L&rsquo;Agence Web Paris Consulting vous propose de g\u00e9rer 1 r\u00e9seaux social de votre choix avec 3 posts par semaine et 3 stories.<\/p>\n<p>Pack mensuel.<\/p>\n<p>Et d\u00e9couvrez nos pack sur-mesure en nous contactant \u00e0 contact@webparisconsulting.com<\/p>\n<p>&nbsp;<\/p>\n","protected":false},"excerpt":{"rendered":"<p>Confiez-nous votre page Instagram, notre Agence s&rsquo;occupe de tout !<\/p>\n","protected":false},"featured_media":160,"template":"","meta":[],"_links":{"self":[{"href":"https:\/\/webparisconsulting.com\/index.php\/wp-json\/wp\/v2\/product\/159"}],"collection":[{"href":"https:\/\/webparisconsulting.com\/index.php\/wp-json\/wp\/v2\/product"}],"about":[{"href":"https:\/\/webparisconsulting.com\/index.php\/wp-json\/wp\/v2\/types\/product"}],"wp:featuredmedia":[{"embeddable":true,"href":"https:\/\/webparisconsulting.com\/index.php\/wp-json\/wp\/v2\/media\/160"}],"wp:attachment":[{"href":"https:\/\/webparisconsulting.com\/index.php\/wp-json\/wp\/v2\/media?parent=159"}],"curies":[{"name":"wp","href":"https:\/\/api.w.org\/{rel}","templated":true}]}}